e factors of 1/(1/m*2).
53
Let i = -12 - -13. Let s be i + 1 + (33 - 1). Suppose -s = -r - r. What are the prime factors of r?
17
Let a(r) = 252*r - 5. Let v = 73 + -72. What are the prime factors of a(v)?
13, 19
Suppose n = -4*n + 60. Suppose 4*p - s - 13 = -2, 3*p = 2*s + n. Suppose -p*z = -2*y - 36, 2*z + y + 12 = 54. List the prime factors of z.
2, 5
Let z(r) be the first derivative of r**5/15 + r**4/24 - 7*r**3/6 - r**2/2 - 1. Let g(v) be the second derivative of z(v). List the prime factors of g(-3).
2, 13
Suppose -11 + 8 = -c. Suppose -n = c*g - 2 - 3, 4*g - 9 = n. Suppose -3*j = -2*s + 8, g*s - 16 = -0*s + j. What are the prime factors of s?
2, 5
Suppose 5*b - 2519 = -2*l - 0*l, -l = 4*b - 2014. Let p = b - 268. What are the prime factors of p?
5, 47
Let s(g) = -4*g - 3. Let d be s(-5). Let w = 19 - d. Suppose 3*y + 4*l - w*l = 117, l = 0. What are the prime factors of y?
3, 13
Let f = -2726 - -5311. List the prime factors of f.
5, 11, 47
Let c be (-3 - (-81)/21)*28. Suppose c - 10 = f. Suppose 2*g - f = 5*b, 7*g - 2*g + 5*b - 70 = 0. What are the prime factors of g?
2, 3
Suppose -2135 = 30*o - 100475. What are the prime factors of o?
2, 11, 149
Suppose -15 = 5*h - 170. Let d = h - 10. What are the prime factors of d?
3, 7
Suppose 0 = 3*k - k + 26. Let x(u) be the third derivative of -u**4/24 + 13*u**3/6 + 8*u**2. List the prime factors of x(k).
2, 13
Let y = -11 + 21. Suppose 0 = -2*b - 3*b + y. Suppose -4*u + 113 = o, 5*o + 135 = 3*u + b*u. What are the prime factors of u?
2, 7
Let g(a) = 3*a**2 - 5*a. Let r be g(4). Suppose 4*l = -r + 708. What are the prime factors of l?
2, 5, 17
Let l(i) = -i + 14. Let y = 13 - 3. Let v = y - 10. List the prime factors of l(v).
2, 7
Let g = -14 - -14. Suppose m - 4*w = -3, 3*w = 9 - g. Suppose -m = -4*l + 23. List the prime factors of l.
2
Suppose 12 = 8*b - 4*b. What are the prime factors of b/(-2)*2/(-6)*124?
2, 31
Let i(x) = -162*x**3 - 6*x**2 - x + 3. List the prime factors of i(-3).
2, 3, 7, 103
Let v = -38 + 21. Let h(o) = -o**3 - 18*o**2 - 18*o + 2. List the prime factors of h(v).
19
Let j(h) be the second derivative of h**4/6 - 4*h**3/3 + 2*h**2 - h. Let w = -48 + 53. List the prime factors of j(w).
2, 7
Suppose -2354 = -3*w - 4*m + 3238, -4*m + 1864 = w. List the prime factors of w.
2, 233
Let r(g) = -g**2 - 3*g + 2. Let i be 7/(-2) + 3/(-6). Let s be r(i). Let l = 7 + s. What are the prime factors of l?
5
Let m(g) = -g**3 + 10*g**2 - 9*g + 4. Let j be m(9). Suppose 11*q - 30 = 3. Suppose -5*c + j*c + q = 0. List the prime factors of c.
3
Let l(j) = -262*j - 70. What are the prime factors of l(-5)?
2, 5, 31
Let h(x) = 441*x + 365. What are the prime factors of h(4)?
2129
Suppose 26 = -5*r + 6. Let k = 30 - 13. Let q = k - r. List the prime factors of q.
3, 7
Let g(t) = -t**3 + 15*t**2 + 97*t - 23. What are the prime factors of g(19)?
2, 47
Suppose -4*y + 24 = -y. Let g be (7 - y) + (2 - -1). Suppose -2*s - g = -10. List the prime factors of s.
2
Suppose 0 = s - 3*s - 2. Let j be 4/8*(-1 - s). Suppose w - 5 = j, -47 = -2*y + 3*w - 6*w. List the prime factors of y.
2
Let l be (-14)/(-3)*((-180)/42 + 6). Suppose l*p = 4*p + 84. List the prime factors of p.
3, 7
Let f(b) = -b**3 + 24*b**2 + 14*b + 94. List the prime factors of f(11).
3, 607
Let v be 6 + (4 - 2 - 3). Suppose -v*q + 9 = -1. Suppose -2*y - 3*a + 56 = -12, q*a - 112 = -3*y. List the prime factors of y.
2, 5
Let t(m) = -m**3 - 8*m**2 + 6*m - 22. Let h be t(-9). Suppose -p + h*p - 48 = -4*v, -5*v = -15. Let d(g) = g + 16. List the prime factors of d(p).
5
Suppose 9 = -10*o - 11. Let h = 19 - o. List the prime factors of h.
3, 7
Suppose 6 = 4*t - 6. Let d = -31 - -31. Suppose d*m + 27 = t*m. What are the prime factors of m?
3
Let h = 333 - 170. What are the prime factors of h?
163
Let w(x) = -42*x + 337. What are the prime factors of w(-49)?
5, 479
Let g = -20 - -22. Suppose g*a + 0 = 10. Suppose 90 = a*h + 2*u - 221, -5*h = 5*u - 320. List the prime factors of h.
61
Let m(f) = 3*f + 20. Let d be m(-12). What are the prime factors of 1186*d/(-120) + (-4)/30?
2, 79
Let n be (-2)/(-6) - 254/(-3). Suppose -s - 27 = -n. Let j = s + -13. What are the prime factors of j?
3, 5
Suppose 1206 = 17*r - 15*r. What are the prime factors of r?
3, 67
Let n(m) = -2*m**3 - 2*m**2 + 4*m - 3. List the prime factors of n(-6).
3, 37
Suppose 0 = -3*j + 72 - 300. Let r = 207 + j. List the prime factors of r.
131
Let w be 6/(-9)*(2 - 3)*-18. List the prime factors of w/16*-42*4/3.
2, 3, 7
Let f be 597/((-3)/8*-4). Suppose -3*c + 1070 = f. List the prime factors of c.
2, 7
Suppose -12*g + 31130 = -24922. What are the prime factors of g?
3, 173
Let p(f) = -f**3 + 15*f**2 + 63*f + 36. What are the prime factors of p(16)?
2, 197
Suppose 0 = -2*z - 5*w + 11483, -2*z + 60*w - 64*w + 11486 = 0. What are the prime factors of z?
5749
Let y(m) = -37*m. Let v(u) = -3404*u. Let i(k) = 2*v(k) - 185*y(k). What are the prime factors of i(2)?
2, 37
Let r be (-36)/(-16) + (-3)/(-4). Suppose -5*h = v - 921, -h - r*h = 3*v - 728. What are the prime factors of h?
5, 37
Suppose z + 23 = h, -10 = -0*z + 2*z. Let s = h - 18. What are the prime factors of -15 - -16 - (s + -42)?
43
Let k(f) = -2*f**2 + 47*f + 56. What are the prime factors of k(13)?
7, 47
Let x(m) = 4*m**2 + m + 1. Let g be x(-1). Suppose -2*w + 199 = -t, 2*w - g*w + 208 = -4*t. Let b = w + -67. What are the prime factors of b?
31
Let n(d) = 2*d**2 + 35*d + 3. Let a be n(-16). What are the prime factors of (-2076)/(-45) - (-6)/a?
2, 23
Let y(m) = -m**3 - 4*m**2 + 12*m + 18. List the prime factors of y(-9).
3, 5, 7
Suppose -4*c + 850 = 2*g, -5*c - 785 = -2*g + 74. List the prime factors of g.
7, 61
List the prime factors of 1/((-2)/(-12516))*99/198.
3, 7, 149
Suppose 0 = -3*g - 124 - 56. Let w = 27 + g. What are the prime factors of (-872)/(-44) - 6/w?
2, 5
Let x be 0 + 9/(4 - 1). Suppose -4*f + 3 = -x*f. Suppose 0 = f*y + 13 - 103. What are the prime factors of y?
2, 3, 5
Let g be (1 - 3)*(-4 - 2). Let x(c) = -c**3 - 2*c**2 + 3*c - 4. Let v be x(-4). Suppose 4*j + 2*z = -j + g, -z = 5*j - v. List the prime factors of j.
2
Let l = 21 + -13. Let r = l + 5. Suppose -8*s + 9*s = r. What are the prime factors of s?
13
List the prime factors of 15/10 - 175/(-2).
89
Let t be -2 + 13/(-1 - (-4)/6). Suppose 2*o - 3*w = 122, 0*o = 3*o - 5*w - 184. Let u = t + o. List the prime factors of u.
17
Let c(x) = -335*x + 176. List the prime factors of c(-4).
2, 379
Suppose 5*b - 3*n = 2467, 5*n - 1027 = -3*b + 460. List the prime factors of b.
2, 13, 19
Suppose 2*h - 5*h = 2*w + 21, -w - 3*h - 3 = 0. Suppose y = -2*y - 87. Let d = w - y. What are the prime factors of d?
11
Let y = -45 + 33. List the prime factors of -1*4 + y + 199.
3, 61
Suppose 9 = 3*g - 27. Suppose -5*w = -567 + g. List the prime factors of w.
3, 37
Suppose 2*t - 356 = 3*b + b, 3*b = -2*t + 321. Suppose 8*q = 14*q - t. List the prime factors of q.
2, 7
Suppose -t = 3*t - 8. Suppose -1 = -9*u - 1. Suppose t*n - 43 - 1 = u. List the prime factors of n.
2, 11
Let u(r) = -6*r + 21. Suppose -40 = 5*z - 0*t - t, 5*t = -25. List the prime factors of u(z).
3, 5
Let z = -7 - -8. Let a be ((-8)/z + 3)/(-1). Suppose 5*s - 139 = -3*r, -a*s + 228 = 4*r + 51. List the prime factors of r.
2, 19
Let l = 144 + -139. Let b(y) = 4*y**3 - 4*y**2 - 5*y. Let g(t) = -5*t**3 + 4*t**2 + 6*t + 1. Let z(d) = 4*b(d) + 3*g(d). List the prime factors of z(l).
2, 3
Let t(b) = -b**2 - 12*b - 7. Let c be t(-5). Suppose -28 - c = -4*k. What are the prime factors of k?
2, 7
Let n = 9367 + -5968. What are the prime factors of n?
3, 11, 103
Suppose 5*f + 2*i - 3*i = 1322, 0 = -4*i - 8. Suppose 4*a - f = -0*a. List the prime factors of a.
2, 3, 11
Let v(l) = 17*l**3 + 4*l**2 - 3*l - 5. List the prime factors of v(3).
13, 37
Let f be 2 - 8/((-6)/3). Suppose -2*o = -3*w - 159, o + o = -f. Let d = w + 80. What are the prime factors of d?
5
Suppose -4*u - 2 = -y + 3*y, -2*y + 7 = u. Suppose 14 = 2*x - 146. Suppose y*m - x = m. List the prime factors of m.
2, 5
Let n(a) = -a**3 + 3*a**2 + 3*a - 4. Let h be n(4). List the prime factors of 4*1/h*-58.
29
Suppose -26*r + 11341 = 3463. What are the prime factors of r?
3, 101
Let x = 2 - 2. Suppose -3*y + x*y = -171. Let o = y - 17. What are the prime fact